{"id":1851,"date":"2024-06-20T17:29:35","date_gmt":"2024-06-20T17:29:35","guid":{"rendered":"https:\/\/andarclinic.com\/staging\/8811\/?page_id=1851"},"modified":"2024-08-16T17:30:45","modified_gmt":"2024-08-16T17:30:45","slug":"fisiatria","status":"publish","type":"page","link":"https:\/\/andarclinic.com\/staging\/8811\/especialidades\/fisiatria\/","title":{"rendered":"Fisiatria"},"content":{"rendered":"<p><section id=\"bt_section69ea2bca53110\"  class=\"boldSection btDivider topSemiSpaced bottomSemiSpaced btDarkSkin gutter inherit\" style=\"background-color:#0cb8b6;\"><div class=\"port\"><div class=\"boldCell\"><div class=\"boldCellInner\"><div class=\"boldRow  \" ><div class=\"boldRowInner\"><div class=\"rowItem col-md-12 col-ms-12  btTextLeft animate animate-fadein animate-moveleft inherit\"  ><div class=\"rowItemContent\" ><div class=\"btClear btSeparator topExtraSmallSpaced noBorder\" ><hr><\/div><div class=\"btClear btSeparator topExtraSmallSpaced noBorder\" ><hr><\/div><header class=\"header btClear large  btNormalDash\" ><div class=\"dash\"><h2><span class=\"headline\">Fisiatria<\/span><\/h2><\/div><\/header><\/div><\/div><\/div><\/div><\/div><\/div><\/div><\/section><section id=\"bt_section69ea2bca5320c\"  class=\"boldSection topSpaced gutter inherit\" ><div class=\"port\"><div class=\"boldCell\"><div class=\"boldCellInner\"><div class=\"boldRow  \" ><div class=\"boldRowInner\"><div class=\"rowItem col-md-6 col-sm-12 btTextLeft animate animate-fadein animate-moveright btMiddleVertical\"  ><div class=\"rowItemContent\" ><div class=\"bpgPhoto btTextCenter\" ><div class=\"btImage\"><img decoding=\"async\" data-src=\"https:\/\/andarclinic.com\/staging\/8811\/wp-content\/uploads\/2024\/06\/fisiatria-andarclinic-1-1.jpg\" alt=\"Fisiatria na Andar Clinic\" title=\"Fisiatria na Andar Clinic\" src=\"data:image\/gif;base64,R0lGODlhAQABAAAAACH5BAEKAAEALAAAAAABAAEAAAICTAEAOw==\" class=\"lazyload\" style=\"--smush-placeholder-width: 1400px; --smush-placeholder-aspect-ratio: 1400\/1400;\"><\/div><\/div><div class=\"btClear btSeparator topSmallSpaced bottomSmallSpaced noBorder\" ><hr><\/div><\/div><\/div><div class=\"rowItem col-md-6 col-sm-12 btTextLeft animate animate-fadein btMiddleVertical btDoublePadding\"  ><div class=\"rowItemContent\" ><header class=\"header btClear medium  btNormalDash\" ><div class=\"btSuperTitle\">Foco na reabilita\u00e7\u00e3o<\/div><div class=\"dash\"><h3><span class=\"headline\">Fisiatria<\/span><\/h3><\/div><\/header><div class=\"btClear btSeparator bottomExtraSmallSpaced noBorder\" ><hr><\/div><div class=\"btText\" ><\/p>\n<div class=\"btText\">\n<p>A Fisiatria ou Medicina F\u00edsica e de Reabilita\u00e7\u00e3o \u00e9 uma especialidade m\u00e9dica respons\u00e1vel pela funcionalidade, ou seja, pela capacidade de realizarmos as atividades do dia a dia com qualidade, de forma independente, eficaz e sem dor.<br \/>\nDesta forma, na consulta de Fisiatria s\u00e3o avaliados doentes com m\u00faltiplas patologias: musculoesquel\u00e9ticas, neurol\u00f3gicas, reumatol\u00f3gicas, pedi\u00e1tricas e\/ou desportivas, desde que tenham alguma implica\u00e7\u00e3o na qualidade de vida da pessoa ou do atleta.<\/p>\n<p>O objetivo da consulta consiste na avalia\u00e7\u00e3o e diagn\u00f3stico da incapacidade e orienta\u00e7\u00e3o de um plano de recupera\u00e7\u00e3o\/reabilita\u00e7\u00e3o que permita desenvolver, manter e\/ou restituir a qualidade de vida, atuando ao n\u00edvel da preven\u00e7\u00e3o e tratamento.<\/p>\n<\/div>\n<p>\n<\/div><div class=\"btClear btSeparator bottomSmallSpaced noBorder\" ><hr><\/div><\/div><\/div><\/div><\/div><\/div><\/div><\/div><\/section><section id=\"bt_section69ea2bca536f2\"  class=\"boldSection topSpaced gutter inherit\" ><div class=\"port\"><div class=\"boldCell\"><div class=\"boldCellInner\"><div class=\"boldRow  \" ><div class=\"boldRowInner\"><div class=\"rowItem col-md-6 col-sm-12 btTextLeft animate animate-fadein btMiddleVertical btDoublePadding\"  ><div class=\"rowItemContent\" ><div class=\"btClear btSeparator bottomExtraSmallSpaced noBorder\" ><hr><\/div><header class=\"header btClear medium  btNormalDash\" ><div class=\"dash\"><h3><span class=\"headline\">O Plano de Tratamento\/Reabilita\u00e7\u00e3o geralmente consiste em v\u00e1rios pontos:<\/span><\/h3><\/div><\/header><div class=\"btText\" ><\/p>\n<ol>\n<li><strong style=\"font-size: 13px;\">Educa\u00e7\u00e3o do Paciente \u2013 <\/strong><span style=\"font-size: 13px; font-weight: 400;\">explica\u00e7\u00e3o sobre a patologia e ensinos sobre ergonomia e exerc\u00edcios a realizar no domic\u00edlio<\/span><\/li>\n<li><strong>Tratamento farmacol\u00f3gico<\/strong> \u2013 medica\u00e7\u00e3o<\/li>\n<li><strong>Fisioterapia<\/strong> \u2013 elabora\u00e7\u00e3o de um programa de reabilita\u00e7\u00e3o adaptado ao doente<\/li>\n<li><strong>Prescri\u00e7\u00e3o de dispositivos de assist\u00eancia<\/strong> (talas, bandas, palmilhas, \u2026) \u2013 dispositivos externos que quando aplicados e adaptados ao corpo permitem modificar as caracter\u00edsticas estruturais e funcionais do sistema musculoesquel\u00e9tico. Podem proporcionar suporte, corrigir dismetrias, melhorar a mobilidade, reduzir a dor e\/ou prevenir les\u00f5es. S\u00e3o usadas em v\u00e1rias situa\u00e7\u00f5es e patologias e podem ser feitas \u00e0 medida, o que aumenta significativamente a efic\u00e1cia.<\/li>\n<li><strong>Interven\u00e7\u00f5es<\/strong> (procedimentos minimamente invasivos) \u2013 realizados pela Fisiatria de Interven\u00e7\u00e3o.<\/li>\n<\/ol>\n<p>\n<\/div><div class=\"btClear btSeparator bottomSmallSpaced noBorder\" ><hr><\/div><a href=\"https:\/\/andarclinic.com\/staging\/8811\/marcacoes\/\" class=\"btBtn btBtn btnFilledStyle btnAccentColor btnSmall btnNormalWidth btnRightPosition btnNoIcon\" ><span class=\"btnInnerText\">Agende a sua consulta<\/span><\/a><div class=\"btClear btSeparator topSmallSpaced bottomSmallSpaced noBorder\" ><hr><\/div><\/div><\/div><div class=\"rowItem col-md-6 col-sm-12 btTextLeft animate animate-fadein animate-moveleft btMiddleVertical\"  ><div class=\"rowItemContent\" ><div class=\"bpgPhoto btTextCenter\" ><div class=\"btImage\"><img decoding=\"async\" data-src=\"https:\/\/andarclinic.com\/staging\/8811\/wp-content\/uploads\/2023\/12\/mulher-fisioterapia-clinica-e1704647833669.jpg\" alt=\"Fsioterapia clinica\" title=\"Fsioterapia clinica\" src=\"data:image\/gif;base64,R0lGODlhAQABAAAAACH5BAEKAAEALAAAAAABAAEAAAICTAEAOw==\" class=\"lazyload\" style=\"--smush-placeholder-width: 1590px; --smush-placeholder-aspect-ratio: 1590\/1096;\"><\/div><\/div><\/div><\/div><\/div><\/div><\/div><\/div><\/div><\/section><section id=\"bt_section69ea2bca53ade\"  class=\"boldSection topSpaced gutter inherit\" ><div class=\"port\"><div class=\"boldCell\"><div class=\"boldCellInner\"><div class=\"boldRow  \" ><div class=\"boldRowInner\"><div class=\"rowItem col-md-6 col-sm-12 btTextLeft animate animate-fadein animate-moveright btMiddleVertical\"  ><div class=\"rowItemContent\" ><div class=\"bpgPhoto btTextCenter\" ><div class=\"btImage\"><img decoding=\"async\" src=\"\" alt=\"\" title=\"\"><\/div><\/div><div class=\"btClear btSeparator topSmallSpaced bottomSmallSpaced noBorder\" ><hr><\/div><\/div><\/div><div class=\"rowItem col-md-6 col-sm-12 btTextLeft animate animate-fadein btMiddleVertical btDoublePadding\"  ><div class=\"rowItemContent\" ><header class=\"header btClear medium  btNormalDash\" ><div class=\"dash\"><h3><span class=\"headline\">Fisiatria de Interven\u00e7\u00e3o<\/span><\/h3><\/div><\/header><div class=\"btText\" ><\/p>\n<div class=\"btText\">\n<p>A Consulta de Fisiatria de Interven\u00e7\u00e3o (subespecialidade da Fisiatria ou Medicina F\u00edsica e de Reabilita\u00e7\u00e3o) visa avaliar e tratar a dor recorrendo a t\u00e9cnicas infiltrativas (procedimentos minimamente invasivos)<\/p>\n<p>Estas t\u00e9cnicas t\u00eam como objetivo otimizar e acelerar o processo de reabilita\u00e7\u00e3o do paciente e s\u00e3o geralmente complementadas com um plano de fisioterapia.<\/p>\n<h6>T\u00e9cnicas realizadas na Andar Clinic para o tratamento da dor:<\/h6>\n<ul>\n<li>Infiltra\u00e7\u00e3o com plasma rico em plaquetas (PRP)<\/li>\n<li>Infiltra\u00e7\u00e3o com corticosteroides<\/li>\n<li>Viscossuplementa\u00e7\u00e3o com \u00c1cido Hialur\u00f3nico<\/li>\n<li>Bloqueios nervosos perif\u00e9ricos<\/li>\n<li>Mesoterapia<\/li>\n<li>Fenestra\u00e7\u00e3o de calcifica\u00e7\u00f5es<\/li>\n<li>Drenagem articular (artrocentese)<\/li>\n<li>Aspira\u00e7\u00e3o de quistos<\/li>\n<li>Hidrodilata\u00e7\u00e3o capsular<\/li>\n<li>Hidrodissec\u00e7\u00e3o<\/li>\n<li>Needling \/ Dry needling<\/li>\n<\/ul>\n<h6>Todas as t\u00e9cnicas realizadas na <a href=\"https:\/\/andarclinic.com\/staging\/8811\/\">cl\u00ednica Andar<\/a> na Fisiatria s\u00e3o guiadas por imagem (ecografia), de forma a visualizar as estruturas a tratar e a agulha, o que aumenta a efic\u00e1cia e a seguran\u00e7a do procedimento.<\/h6>\n<\/div>\n<p>\n<\/div><div class=\"btClear btSeparator bottomSmallSpaced noBorder\" ><hr><\/div><\/div><\/div><\/div><\/div><\/div><\/div><\/div><\/section><section id=\"bt_section69ea2bca53e01\"  class=\"boldSection topSmallSpaced gutter inherit\" ><div class=\"port\"><div class=\"boldCell\"><div class=\"boldCellInner\"><\/div><\/div><\/div><\/section><\/p>\n","protected":false},"excerpt":{"rendered":"","protected":false},"author":3,"featured_media":0,"parent":2261,"menu_order":0,"comment_status":"closed","ping_status":"closed","template":"","meta":{"nf_dc_page":"","footnotes":""},"class_list":["post-1851","page","type-page","status-publish","hentry"],"yoast_head":"<!-- This site is optimized with the Yoast SEO plugin v26.9 - https:\/\/yoast.com\/product\/yoast-seo-wordpress\/ -->\n<title>Fisiatria em Lisboa | Cl\u00ednica AndarClinic<\/title>\n<meta name=\"description\" content=\"A Fisiatria \u00e9 a especialidade respons\u00e1vel pela capacidade de realizarmos as atividades do dia a dia. Saiba como a Andar Clinic pode ajudar!\" \/>\n<meta name=\"robots\" content=\"index, follow, max-snippet:-1, max-image-preview:large, max-video-preview:-1\" \/>\n<link rel=\"canonical\" href=\"https:\/\/andarclinic.com\/staging\/8811\/especialidades\/fisiatria\/\" \/>\n<meta property=\"og:locale\" content=\"en_US\" \/>\n<meta property=\"og:type\" content=\"article\" \/>\n<meta property=\"og:title\" content=\"Fisiatria em Lisboa | Cl\u00ednica AndarClinic\" \/>\n<meta property=\"og:description\" content=\"A Fisiatria \u00e9 a especialidade respons\u00e1vel pela capacidade de realizarmos as atividades do dia a dia. Saiba como a Andar Clinic pode ajudar!\" \/>\n<meta property=\"og:url\" content=\"https:\/\/andarclinic.com\/staging\/8811\/especialidades\/fisiatria\/\" \/>\n<meta property=\"og:site_name\" content=\"Andar Clinic\" \/>\n<meta property=\"article:publisher\" content=\"https:\/\/www.facebook.com\/andarcentroclinico\" \/>\n<meta property=\"article:modified_time\" content=\"2024-08-16T17:30:45+00:00\" \/>\n<meta name=\"twitter:card\" content=\"summary_large_image\" \/>\n<meta name=\"twitter:label1\" content=\"Est. reading time\" \/>\n\t<meta name=\"twitter:data1\" content=\"3 minutes\" \/>\n<script type=\"application\/ld+json\" class=\"yoast-schema-graph\">{\"@context\":\"https:\/\/schema.org\",\"@graph\":[{\"@type\":\"WebPage\",\"@id\":\"https:\/\/andarclinic.com\/staging\/8811\/especialidades\/fisiatria\/\",\"url\":\"https:\/\/andarclinic.com\/staging\/8811\/especialidades\/fisiatria\/\",\"name\":\"Fisiatria em Lisboa | Cl\u00ednica AndarClinic\",\"isPartOf\":{\"@id\":\"https:\/\/andarclinic.com\/#website\"},\"datePublished\":\"2024-06-20T17:29:35+00:00\",\"dateModified\":\"2024-08-16T17:30:45+00:00\",\"description\":\"A Fisiatria \u00e9 a especialidade respons\u00e1vel pela capacidade de realizarmos as atividades do dia a dia. Saiba como a Andar Clinic pode ajudar!\",\"breadcrumb\":{\"@id\":\"https:\/\/andarclinic.com\/staging\/8811\/especialidades\/fisiatria\/#breadcrumb\"},\"inLanguage\":\"en-US\",\"potentialAction\":[{\"@type\":\"ReadAction\",\"target\":[\"https:\/\/andarclinic.com\/staging\/8811\/especialidades\/fisiatria\/\"]}]},{\"@type\":\"BreadcrumbList\",\"@id\":\"https:\/\/andarclinic.com\/staging\/8811\/especialidades\/fisiatria\/#breadcrumb\",\"itemListElement\":[{\"@type\":\"ListItem\",\"position\":1,\"name\":\"Home\",\"item\":\"https:\/\/andarclinic.com\/\"},{\"@type\":\"ListItem\",\"position\":2,\"name\":\"Especialidades\",\"item\":\"https:\/\/andarclinic.com\/staging\/8811\/especialidades\/\"},{\"@type\":\"ListItem\",\"position\":3,\"name\":\"Fisiatria\"}]},{\"@type\":\"WebSite\",\"@id\":\"https:\/\/andarclinic.com\/#website\",\"url\":\"https:\/\/andarclinic.com\/\",\"name\":\"Andar Clinic\",\"description\":\"Andar para todas as idades - Cl\u00ednica de Podologia, Fisiatria e outras especialidades para ANDAR com seguran\u00e7a e qualidade\",\"publisher\":{\"@id\":\"https:\/\/andarclinic.com\/#organization\"},\"potentialAction\":[{\"@type\":\"SearchAction\",\"target\":{\"@type\":\"EntryPoint\",\"urlTemplate\":\"https:\/\/andarclinic.com\/?s={search_term_string}\"},\"query-input\":{\"@type\":\"PropertyValueSpecification\",\"valueRequired\":true,\"valueName\":\"search_term_string\"}}],\"inLanguage\":\"en-US\"},{\"@type\":\"Organization\",\"@id\":\"https:\/\/andarclinic.com\/#organization\",\"name\":\"Andar Clinic\",\"url\":\"https:\/\/andarclinic.com\/\",\"logo\":{\"@type\":\"ImageObject\",\"inLanguage\":\"en-US\",\"@id\":\"https:\/\/andarclinic.com\/#\/schema\/logo\/image\/\",\"url\":\"https:\/\/andarclinic.com\/staging\/8811\/wp-content\/uploads\/2023\/12\/LogotipoFullGreen_212.png\",\"contentUrl\":\"https:\/\/andarclinic.com\/staging\/8811\/wp-content\/uploads\/2023\/12\/LogotipoFullGreen_212.png\",\"width\":991,\"height\":288,\"caption\":\"Andar Clinic\"},\"image\":{\"@id\":\"https:\/\/andarclinic.com\/#\/schema\/logo\/image\/\"},\"sameAs\":[\"https:\/\/www.facebook.com\/andarcentroclinico\"]}]}<\/script>\n<!-- \/ Yoast SEO plugin. -->","yoast_head_json":{"title":"Fisiatria em Lisboa | Cl\u00ednica AndarClinic","description":"A Fisiatria \u00e9 a especialidade respons\u00e1vel pela capacidade de realizarmos as atividades do dia a dia. Saiba como a Andar Clinic pode ajudar!","robots":{"index":"index","follow":"follow","max-snippet":"max-snippet:-1","max-image-preview":"max-image-preview:large","max-video-preview":"max-video-preview:-1"},"canonical":"https:\/\/andarclinic.com\/staging\/8811\/especialidades\/fisiatria\/","og_locale":"en_US","og_type":"article","og_title":"Fisiatria em Lisboa | Cl\u00ednica AndarClinic","og_description":"A Fisiatria \u00e9 a especialidade respons\u00e1vel pela capacidade de realizarmos as atividades do dia a dia. Saiba como a Andar Clinic pode ajudar!","og_url":"https:\/\/andarclinic.com\/staging\/8811\/especialidades\/fisiatria\/","og_site_name":"Andar Clinic","article_publisher":"https:\/\/www.facebook.com\/andarcentroclinico","article_modified_time":"2024-08-16T17:30:45+00:00","twitter_card":"summary_large_image","twitter_misc":{"Est. reading time":"3 minutes"},"schema":{"@context":"https:\/\/schema.org","@graph":[{"@type":"WebPage","@id":"https:\/\/andarclinic.com\/staging\/8811\/especialidades\/fisiatria\/","url":"https:\/\/andarclinic.com\/staging\/8811\/especialidades\/fisiatria\/","name":"Fisiatria em Lisboa | Cl\u00ednica AndarClinic","isPartOf":{"@id":"https:\/\/andarclinic.com\/#website"},"datePublished":"2024-06-20T17:29:35+00:00","dateModified":"2024-08-16T17:30:45+00:00","description":"A Fisiatria \u00e9 a especialidade respons\u00e1vel pela capacidade de realizarmos as atividades do dia a dia. Saiba como a Andar Clinic pode ajudar!","breadcrumb":{"@id":"https:\/\/andarclinic.com\/staging\/8811\/especialidades\/fisiatria\/#breadcrumb"},"inLanguage":"en-US","potentialAction":[{"@type":"ReadAction","target":["https:\/\/andarclinic.com\/staging\/8811\/especialidades\/fisiatria\/"]}]},{"@type":"BreadcrumbList","@id":"https:\/\/andarclinic.com\/staging\/8811\/especialidades\/fisiatria\/#breadcrumb","itemListElement":[{"@type":"ListItem","position":1,"name":"Home","item":"https:\/\/andarclinic.com\/"},{"@type":"ListItem","position":2,"name":"Especialidades","item":"https:\/\/andarclinic.com\/staging\/8811\/especialidades\/"},{"@type":"ListItem","position":3,"name":"Fisiatria"}]},{"@type":"WebSite","@id":"https:\/\/andarclinic.com\/#website","url":"https:\/\/andarclinic.com\/","name":"Andar Clinic","description":"Andar para todas as idades - Cl\u00ednica de Podologia, Fisiatria e outras especialidades para ANDAR com seguran\u00e7a e qualidade","publisher":{"@id":"https:\/\/andarclinic.com\/#organization"},"potentialAction":[{"@type":"SearchAction","target":{"@type":"EntryPoint","urlTemplate":"https:\/\/andarclinic.com\/?s={search_term_string}"},"query-input":{"@type":"PropertyValueSpecification","valueRequired":true,"valueName":"search_term_string"}}],"inLanguage":"en-US"},{"@type":"Organization","@id":"https:\/\/andarclinic.com\/#organization","name":"Andar Clinic","url":"https:\/\/andarclinic.com\/","logo":{"@type":"ImageObject","inLanguage":"en-US","@id":"https:\/\/andarclinic.com\/#\/schema\/logo\/image\/","url":"https:\/\/andarclinic.com\/staging\/8811\/wp-content\/uploads\/2023\/12\/LogotipoFullGreen_212.png","contentUrl":"https:\/\/andarclinic.com\/staging\/8811\/wp-content\/uploads\/2023\/12\/LogotipoFullGreen_212.png","width":991,"height":288,"caption":"Andar Clinic"},"image":{"@id":"https:\/\/andarclinic.com\/#\/schema\/logo\/image\/"},"sameAs":["https:\/\/www.facebook.com\/andarcentroclinico"]}]}},"_links":{"self":[{"href":"https:\/\/andarclinic.com\/staging\/8811\/wp-json\/wp\/v2\/pages\/1851","targetHints":{"allow":["GET"]}}],"collection":[{"href":"https:\/\/andarclinic.com\/staging\/8811\/wp-json\/wp\/v2\/pages"}],"about":[{"href":"https:\/\/andarclinic.com\/staging\/8811\/wp-json\/wp\/v2\/types\/page"}],"author":[{"embeddable":true,"href":"https:\/\/andarclinic.com\/staging\/8811\/wp-json\/wp\/v2\/users\/3"}],"replies":[{"embeddable":true,"href":"https:\/\/andarclinic.com\/staging\/8811\/wp-json\/wp\/v2\/comments?post=1851"}],"version-history":[{"count":10,"href":"https:\/\/andarclinic.com\/staging\/8811\/wp-json\/wp\/v2\/pages\/1851\/revisions"}],"predecessor-version":[{"id":2241,"href":"https:\/\/andarclinic.com\/staging\/8811\/wp-json\/wp\/v2\/pages\/1851\/revisions\/2241"}],"up":[{"embeddable":true,"href":"https:\/\/andarclinic.com\/staging\/8811\/wp-json\/wp\/v2\/pages\/2261"}],"wp:attachment":[{"href":"https:\/\/andarclinic.com\/staging\/8811\/wp-json\/wp\/v2\/media?parent=1851"}],"curies":[{"name":"wp","href":"https:\/\/api.w.org\/{rel}","templated":true}]}}